35585?
108
What is the remainder when 424157 is divided by 70661?
191
Calculate the remainder when 5213651 is divided by 2562.
2543
What is the remainder when 529164665 is divided by 1178?
1175
What is the remainder when 273707668 is divided by 3435?
3433
Calculate the remainder when 7501829 is divided by 4751.
0
Calculate the remainder when 354053 is divided by 11.
7
What is the remainder when 583927 is divided by 30?
7
What is the remainder when 1609018 is divided by 1609009?
9
Calculate the remainder when 488037 is divided by 134.
9
Calculate the remainder when 452483 is divided by 34774.
421
Calculate the remainder when 36182038 is divided by 38.
34
Calculate the remainder when 516727 is divided by 1255.
922
What is the remainder when 65414 is divided by 8914?
3016
What is the remainder when 33555 is divided by 1679?
1654
Calculate the remainder when 32127 is divided by 7515.
2067
Calculate the remainder when 104283944 is divided by 45.
44
What is the remainder when 147212 is divided by 934?
574
What is the remainder when 55457365 is divided by 13864339?
9
What is the remainder when 2885479 is divided by 859?
98
Calculate the remainder when 17680790 is divided by 794.
792
What is the remainder when 419766 is divided by 1009?
22
Calculate the remainder when 344968 is divided by 1505.
323
Calculate the remainder when 66896 is divided by 486.
314
What is the remainder when 1258171 is divided by 89864?
75
What is the remainder when 25590920 is divided by 388?
380
Calculate the remainder when 7995001 is divided by 4464.
4441
What is the remainder when 50190872 is divided by 210886?
4
What is the remainder when 885516 is divided by 296?
180
Calculate the remainder when 2252418 is divided by 29.
17
What is the remainder when 154694 is divided by 3437?
29
What is the remainder when 4260808 is divided by 254?
212
What is the remainder when 951989 is divided by 11?
5
Calculate the remainder when 391587 is divided by 19.
16
Calculate the remainder when 16304749 is divided by 73.
53
Calculate the remainder when 889596 is divided by 1.
0
Calculate the remainder when 15065424 is divided by 9517.
13
Calculate the remainder when 21160294 is divided by 10580142.
10
Calculate the remainder when 579966 is divided by 144963.
114
What is the remainder when 281364864 is divided by 301?
298
Calculate the remainder when 2441947 is divided by 348.
31
What is the remainder when 42958218 is divided by 139?
129
What is the remainder when 69429 is divided by 4386?
3639
What is the remainder when 154893 is divided by 970?
663
Calculate the remainder when 24293944 is divided by 164148.
40
Calculate the remainder when 3266885 is divided by 1747.
1742
What is the remainder when 1126778 is divided by 27?
14
What is the remainder when 224615 is divided by 112209?
197
What is the remainder when 40673600 is divided by 1278?
1250
Calculate the remainder when 905441 is divided by 1435.
1391
What is the remainder when 37928505 is divided by 11901?
18
What is the remainder when 11143974 is divided by 1392987?
78
What is the remainder when 82674293 is divided by 55?
53
Calculate the remainder when 22601275 is divided by 10814.
15
What is the remainder when 236316 is divided by 82?
74
Calculate the remainder when 2432822 is divided by 5934.
5816
Calculate the remainder when 12128218 is divided by 10.
8
Calculate the remainder when 670762 is divided by 17650.
62
Calculate the remainder when 38900 is divided by 1511.
1125
What is the remainder when 189513 is divided by 94696?
121
Calculate the remainder when 743696 is divided by 292.
264
What is the remainder when 45844398 is divided by 52?
2
Calculate the remainder when 1271735 is divided by 17176.
711
What is the remainder when 738964 is divided by 327?
271
Calculate the remainder when 114249 is divided by 349.
126
Calculate the remainder when 13018 is divided by 4394.
4230
What is the remainder when 168761 is divided by 884?
801
Calculate the remainder when 12427553 is divided by 945.
803
Calculate the remainder when 12150877 is divided by 95.
92
What is the remainder when 20202107 is divided by 317?
14
Calculate the remainder when 21230222 is divided by 10615099.
24
What is the remainder when 2384860 is divided by 437?
151
Calculate the remainder when 1605096 is divided by 76.
52
What is the remainder when 345664 is divided by 202?
42
Calculate the remainder when 1812594 is divided by 1498.
14
What is the remainder when 1729558 is divided by 1019?
315
Calculate the remainder when 54282611 is divided by 935907.
5
Calculate the remainder when 79955391 is divided by 26651774.
69
Calculate the remainder when 67917 is divided by 756.
633
Calculate the remainder when 13738991 is divided by 149.
148
What is the remainder when 42507372 is divided by 789?
786
Calculate the remainder when 115491611 is divided by 14.
11
What is the remainder when 192329 is divided by 135?
89
What is the remainder when 15859574 is divided by 46509?
5
What is the remainder when 57137 is divided by 181?
122
Calculate the remainder when 633935 is divided by 211141.
512
Calculate the remainder when 8640306 is divided by 304.
18
What is the remainder when 286859 is divided by 3614?
1353
What is the remainder when 82050 is divided by 109?
82
Calculate the remainder when 213979019 is divided by 795.
794
Calculate the remainder when 5899049 is divided by 2949520.
9
Calculate the remainder when 78969682 is divided by 26323212.
46
What is the remainder when 895803 is divided by 895780?
23
What is the remainder when 2201020 is divided by 14?
10
What is the remainder when 1704934 is divided by 1075?
1059
Calculate the remainder when 3001818 is divided by 1500763.
292
Calculate the remainder when 110055 is divided by 55.
0
Calculate the remainder when 738 is divided by 118.
30
What is the remainder when 1120284 is divided by 373409?
57
What is the remainder when 533103 is divided by 6272?
6255
Calculate the remainder when 1192489 is divided by 700.
389
Calculate the remainder when 1810714 is divided by 187.
180
What is the remainder when 1249335 is divided by 31?
4
What is the remainder when 29870 is divided by 1358?
1352
What is the remainder when 851177 is divided by 3886?
143
Calculate the remainder when 9172946 is divided by 9172939.
7
Calculate the remainder when 4363887948 is divided by 11701.
11699
Calculate the remainder when 2354948 is divided by 18688.
260
What is the remainder when 1051912 is divided by 52?
4
Calculate the remainder when 10732 is divided by 10598.
134
What is the remainder when 167378 is divided by 9834?
200
Calculate the remainder when 578227 is divided by 2529.
1615
What is the remainder when 496839 is divided by 249?
84
What is the remainder when 111502389 is divided by 458?
457
What is the remainder when 810997 is divided by 113?
109
Calculate the remainder when 93003924 is divided by 23250980.
4
Calculate the remainder when 37498 is divided by 18447.
604
Calculate the remainder when 13857 is divided by 2387.
1922
Calculate the remainder when 110984 is divided by 94.
64
Calculate the remainder when 448865 is divided by 42.
11
Calculate the remainder when 45245095 is divided by 493.
20
What is the remainder when 1926830 is divided by 82?
76
Calculate the remainder when 2299030 is divided by 2107.
293
Calculate the remainder when 3528688 is divided by 45825.
163
What is the remainder when 144642 is divided by 513?
489
Calculate the remainder when 194407 is divided by 191.
160
Calculate the remainder when 98783 is divided by 144.
143
What is the remainder when 31668597 is divided by 917?
2
What is the remainder when 10937729 is divided by 10937720?
9
What is the remainder when 3791218 is divided by 361?
357
Calculate the remainder when 4314455 is divided by 196111.
13
Calculate the remainder when 278127 is divided by 5150.
27
What is the remainder when 2698018 is divided by 1449?
1429
Calculate the remainder when 718234 is divided by 2656.
1114
Calculate the remainder when 157555 is divided by 78003.
1549
Calculate the remainder when 293919 is divided by 97968.
15
What is the remainder when 12793830 is divided by 43?
40
What is the remainder when 5450403 is divided by 548?
543
What is the remainder when 14757118 is divided by 4919039?
1
